 common divisor of k and d.
20
Let v be -2 + (-3)/(6/(-4)). Let g(d) = d**3 - 14*d**2 - 29*d - 38. Let n be g(16). Suppose v = -21*k + 26*k - n. What is the greatest common factor of k and 8?
2
Suppose 0 = 5*y - 2*j - 429, -3*j - 164 = -2*y - 6*j. Let n = -2739 - -2749. Calculate the greatest common divisor of y and n.
5
Let l = 11802 - 11770. Suppose -h + 75 = q + 2*q, 0 = 4*h - 12. What is the greatest common factor of q and l?
8
Suppose 115*z - 2691 - 1046 - 1093 = 0. What is the highest common factor of z and 498?
6
Suppose -5*r = 4*p - 2174, 6*p + 2*r = 3*p + 1634. Suppose 144*i - 150*i = -p. Calculate the highest common divisor of i and 13.
13
Let y = -99 - -180. Let s be 18/y - -8*5/(-18). Let z be ((-162)/63)/(s/(-14)*-1). What is the greatest common divisor of z and 126?
18
Suppose 0 = -0*k + 3*k - 231. Suppose 96*n - 2*y + 26 = 98*n, -3*y = 2*n - 28. Calculate the highest common divisor of n and k.
11
Suppose -4*m = -m. Let y be 595/14 + 9/(-18). Let h = m + y. Calculate the greatest common factor of h and 294.
42
Suppose -37*p = -52*p + 1590. Suppose 113*t - p*t - 1750 = 0. Calculate the highest common divisor of 10 and t.
10
Suppose -88*a - 9400 = -33952. What is the greatest common factor of a and 31?
31
Suppose s + 359 = -302. Let g = s - -1234. Suppose -2*y - y = -4*j + g, -2*y + 146 = j. What is the highest common divisor of j and 16?
16
Let n = 307 - 305. Suppose -n*r + 36 = -5*t - 8, 5*r - 2*t = 131. What is the greatest common factor of 432 and r?
27
Let p be (-352 - -1)/((-1566)/72 - -21). What is the highest common factor of p and 108?
36
Let u be 3/18*2 - (-2 - (-26638)/(-114)). Let k = 2154 + -1328. Calculate the highest common factor of u and k.
118
Suppose 7*i - 10 = 2*i. Suppose 10 = -i*a, a = 3*z - 0*a - 2414. Calculate the greatest common factor of z and 11.
11
Suppose -r + 4*u + 46 = 0, -142 = -2*r + u - 3*u. Suppose -352 + r = -5*o + 2*y, o = -5*y + 68. What is the greatest common divisor of 2 and o?
2
Let u be 15/1*(-72)/(-30). Let n be u/(-15)*((-8)/6 - 2). Let o(w) = -w**3 + 6*w**2 + 20*w - 10. Let d be o(n). What is the highest common factor of 44 and d?
22
Let c be 10/(-6)*13/((-13)/9). Let m be (-27 + 37)*42/c. Calculate the greatest common divisor of m and 63.
7
Let k = -245 - -250. Suppose 4*w = k*f - 640, -w - 4*w = -2*f + 273. Suppose 142 - 49 = 3*i. What is the greatest common factor of i and f?
31
Suppose -22*r = 5203 - 6127. Calculate the highest common factor of r and 870.
6
Suppose 4*c + 108 = i, 2*i - 3*c - 292 = -61. Let w be ((-12 - -4) + -1)/(4/(-80)). What is the highest common divisor of i and w?
60
Let p(w) = -33*w - 37. Let v be p(-3). What is the highest common factor of v and 3317?
31
Let s be (0 + 132)/((-81)/(-12) + -6). Let g = -171 + s. What is the highest common divisor of 3 and g?
1
Let l = -633 + 677. What is the greatest common factor of l and 143?
11
Let v = 163 + -234. Let g = 52 + v. Let x(w) = w**3 + 18*w**2 - 19*w + 38. Let u be x(g). What is the highest common factor of u and 266?
38
Suppose -5*r = 4*w - 33, 4*w = 2*w - 3*r + 19. Suppose 3*m - 3*x = 6, 0 = 5*m - 4*x + 5*x - 16. What is the highest common divisor of m and w?
1
Let z be 0 + -1 - (8 - 17). Let t be (26 - 2)*z/4. What is the highest common divisor of 132 and t?
12
Suppose 0 = 88*s - 83*s - 245. Let m be s + (12 - 6 - 1). Calculate the greatest common factor of 189 and m.
27
Suppose -12*m = -0*m - 396. Let i be 1*-1 + (7 - (2 - -1)). Calculate the greatest common divisor of i and m.
3
Let v = -24286 + 34485. What is the greatest common divisor of 651 and v?
217
Let g = -492 + 562. Let w = -2 - -6. Suppose -p - 4*o = 5 + 5, w*p - 20 = -4*o. What is the greatest common divisor of p and g?
10
Suppose 3*y - 3 = 4*a - a, -y = 5*a - 13. Suppose 6 + 1 = -v - y*l, 5*v - 3*l - 19 = 0. Calculate the greatest common factor of 6 and v.
2
Suppose 5*c = -q - 4688, 0*q + 931 = -c + 2*q. Let v = c - -977. Calculate the highest common divisor of 65 and v.
5
Let y = -394 + 432. Let z(t) = -2*t + 78. Let s be z(y). What is the highest common divisor of 8 and s?
2
Suppose 3*r = 9, -10 = 4*k - 4*r - 14. Let v(q) be the third derivative of q**4/8 + q**2. Let s be v(k). What is the greatest common factor of 18 and s?
6
Suppose -1411*c + 1431*c = 23660. Calculate the highest common factor of 35 and c.
7
Let b = 490 + -834. Let s = -309 - b. What is the highest common factor of s and 35?
35
Let i(m) = 2*m**2 - 2*m + 5. Suppose 5*v + n + 11 = 0, 0 = 2*v - 5*n + 20 + 6. Let b be i(v). Let c = b + 21. Calculate the highest common factor of c and 25.
25
Let o(t) = -t**3 - 13*t**2 - 9*t - 15. Let y be o(-11). Let m = -23 - y. What is the highest common divisor of 9 and m?
9
Let y be (-6*(-8)/6)/((9 - 3)/3). Calculate the greatest common divisor of 12 and y.
4
Let o be ((-273)/42)/(1/(-46)). Let f(a) = -a**3 - 20*a**2 - 29*a - 144. Let j be f(-19). Calculate the greatest common divisor of j and o.
23
Suppose 3*z = 0, 5*f + 368*z - 79355 = 369*z. Calculate the greatest common factor of 269 and f.
269
Suppose -84 = 9*r - 138. Suppose -r*c - 2048 = -14*c. What is the greatest common divisor of 8 and c?
8
Suppose -3*c + 8*x + 177 = 9*x, 2*x = -6. Calculate the greatest common factor of 376 and c.
4
Let q = -4820 - -7220. Calculate the highest common factor of 64 and q.
32
Suppose 7*c + 168 = 10*c. Let n = -65 + c. Let f be 4/(16/n)*(3 - 7). What is the greatest common factor of f and 1?
1
Suppose -2*k = 5*d - 18134, 4*k - 2597 = -d + 1019. Calculate the greatest common divisor of 4 and d.
4
Suppose 178028 + 57189 = 21*c + 54407. What is the greatest common factor of c and 210?
210
Suppose 12780 - 4680 = 90*y. What is the greatest common divisor of y and 1930?
10
Suppose -3*t - 3*s + 841 = -431, -s = -3*t + 1268. Suppose 264 = 9*w - w. Let r = w + 14. What is the greatest common divisor of r and t?
47
Suppose -103 + 886 = 3*t. Let m = t + -236. What is the greatest common factor of m and 300?
25
Let l(g) = -g + 3. Let p be l(-5). Suppose -25 = -p*t + 7. Suppose 0 = u + 3*x + 8, 2*u + 3*u - t*x - 36 = 0. Calculate the highest common factor of u and 20.
4
Suppose -64*a - 8*d = -10*d - 1906, -3*a - 2*d = -104. Let l = 20 - 11. Let z = 3 + l. Calculate the highest common divisor of a and z.
6
Let b be (1570/(-25))/(-1) - 1/(-5). Suppose s + 60 - b = 0. Suppose s*w + 708 = -p + 5*p, -p = 3*w - 192. What is the greatest common factor of 18 and p?
18
Let c be 802/4*(-2 + 0 + 0). Let t = c - -641. Suppose 0 = i + 4*i - t. Calculate the greatest common divisor of i and 24.
24
Suppose 3*c = -2*n + 26, -5*n = -4*n - 1. Suppose 14*m - 18*m + c = 0. Let l be 4/20 - ((-354)/15)/m. What is the highest common divisor of 8 and l?
4
Let l(u) = u**2 + 11*u + 14. Let s be l(-10). Suppose -2*y - 3*b = -47 + 8, -s*y - 2*b = -66. Let i = 175 - 170. What is the highest common factor of i and y?
5
Let n = 8938 + -8665. What is the highest common divisor of n and 52?
13
Suppose 4*p + 2*u + 298 = 1372, 3*p - 803 = -u. Calculate the highest common divisor of p and 238.
14
Suppose 5*t - h + 1485 = 6883, 0 = 3*t + 3*h - 3210. Calculate the greatest common factor of 1568 and t.
98
Let d(j) = -135*j - 2594. Let y be d(-40). Calculate the highest common factor of y and 138.
46
Let a = -807 - -819. Suppose -a*m - 14*m = -936. Calculate the greatest common divisor of 900 and m.
36
Suppose -108 = h - 13*h. Suppose -2*v = 3*q - 78, -220 = 4*v - h*v + 5*q. What is the highest common divisor of v and 42?
42
Suppose -600*x + 240 = -584*x. What is the highest common factor of 1629 and x?
3
Suppose 12673 = 65*q - 42*q. Calculate the greatest common divisor of 609 and q.
29
Let y be ((-3036)/1771)/(2/(-21)). Calculate the greatest common factor of y and 228.
6
Let r(w) = w**2 + 14*w - 25. Suppose -4*f + 5*c + 12 = 0, -4*c - 12 = -8*f + 4*f. Let i be r(f). What is the greatest common factor of 351 and i?
13
Let y be 2*4/(40/945). What is the greatest common factor of 28 and y?
7
Let k be 1/(2*(-3)/(-126)). Suppose 9*n - k = 6*n. Suppose -52*t + 27*t = -2275. What is the highest common factor of n and t?
7
Let q(f) = -f - 29. Let v be q(19). Let c be v/(-36) - 123/(-9). What is the highest common factor of c and 240?
15
Let j(p) = -1122*p - 5012. Let s be j(-5). What is the greatest commo